 1/4*r**4 + 2*r + r**3. Suppose -n + 4 - 1 = 0. Determine d(n).
-1
Let s be 14/5 + 1/5. Let v(f) = s*f + 3 - 3 - 2. Let z(k) = k + 8. Let d be z(-6). What is v(d)?
4
Let r(t) = -t + 7. Suppose -2*x + 4*x - 18 = 2*a, -2*x - 10 = 5*a. Let q be r(x). Let w(s) = -s - 2*s + 2*s**2 - s**3 - 2 + 0 + 5. Give w(q).
-3
Let q(n) = -n + 1. Let d(b) = 3*b - 5. Let j(y) = -d(y) - 4*q(y). Determine j(9).
10
Let t(d) = d**3 + 5*d**2 + 2*d + 6. Let o = -16 + 11. Calculate t(o).
-4
Suppose -m + 3*d = -0*m - 14, 2*d + 6 = 0. Let p(h) = -h**2 + 4*h + 1. Give p(m).
-4
Let i(g) = -3*g**2 + g**3 + 1 - 3*g**3 + 2*g + g**2. What is i(-2)?
5
Let j(m) be the third derivative of m**4/24 - m**3/6 + 2*m**2. Let y(c) = -c - 5 + 1 + c**3 + 0*c**3 + 5*c**2. Let b be y(-5). Determine j(b).
0
Let u(a) be the second derivative of -a**4/12 + a**3/6 - 7*a**2/2 - 3*a + 25. Let y be 0*(0 + 1/2). Determine u(y).
-7
Let l(y) be the third derivative of y**5/60 + 5*y**4/12 - y**3/2 - 10*y**2. Give l(-7).
-24
Suppose 3*k + t = -7, 1 = 4*k - 9*k + t. Let z(n) = 3 + 4*n - 6 + 1 + 3. Determine z(k).
-3
Let r(t) = 2*t**3 + 16*t**2 + t - 14. Let s(j) = j**3 + 8*j**2 + j - 7. Let p(i) = -4*r(i) + 9*s(i). Calculate p(-7).
7
Let g(k) be the first derivative of k**4/4 + 7*k**3/3 + 3*k**2 + 4*k + 15. Calculate g(-6).
4
Let o be 14*((-28)/(-8))/(-7). Let f(p) = p**3 + 6*p**2 - 9*p - 7. Calculate f(o).
7
Suppose 5*x + 4*z - 19 = -0*x, -x + 3*z = 0. Let b(j) = -7 + j**2 - j + j**2 + 3*j**2 + j**x. Determine b(-5).
-2
Let v(w) = -6*w**2 + 10*w - 1. Let z(i) = i**2 - i. Let b(q) = -v(q) - 5*z(q). What is b(5)?
1
Let h(z) = 1 - z - 2*z + 14*z**3 + 2*z - 13*z**3 + 5*z**2. Calculate h(-5).
6
Let a(x) = -x**2 - 4*x + 6. Suppose -4*s = -7*s - 15. Determine a(s).
1
Suppose 2*x - 5 = 3. Let a(r) = 3 - 5*r + 7*r - 6*r**2 + r**3 + r**2. Determine a(x).
-5
Let g = 9 + -12. Let u(n) be the second derivative of n**4/12 + n**3/2 + n**2/2 - n. Determine u(g).
1
Let c(u) be the first derivative of u**2/2 + 4. Let x(j) = -3*j - 1 - 5 + 5. Let a(v) = -5*c(v) - 2*x(v). Calculate a(3).
5
Let w(q) = 7*q**3 + q**2 - 3*q + 2. Let j be w(1). Let c(b) = -b**2 + 8*b - 4. Calculate c(j).
3
Let a = 8 - 6. Suppose a*r - 2 = 2. Suppose 0 = -o + 2*k - 5, r*o - 50 = -3*o - 5*k. Let g(j) = j**3 - 4*j**2 - 6*j + 6. Give g(o).
1
Let u = -2 - -2. Let s = 2 + 0. Let h(v) = 0*v + v - 3*v**2 + 4*v**s - 4. Give h(u).
-4
Suppose 11 = -x + 4*h - 2*h, -3*x - 4*h - 3 = 0. Let y(t) = t. What is y(x)?
-5
Let x(c) = c**3 - 2*c**2 - 2*c + 4. Let h(t) = 3*t**3 - 7*t**2 - 5*t + 11. Let p = 25 - 17. Let m(y) = p*x(y) - 3*h(y). Calculate m(5).
-6
Let t(x) = -x**2 + 2 - x - 5*x - 7. Suppose 0 = -2*j + 2*n - 48, -4*n = 2*j - j + 9. Let f = j - -15. Give t(f).
-5
Suppose i = 2*i + j - 1, -5*i = -4*j - 14. Suppose 4 + 0 = i*t. Let l(c) = -3*c + 2 + 0 - 1. Determine l(t).
-5
Let k(j) = -j - 2. Let h(u) = -2*u - 6. Let c(f) = -h(f) + 3*k(f). Calculate c(-9).
9
Let b(k) = -k**3 + 3*k**2 + 2. Suppose 2*s - 4*g + 14 = 0, 5*s = 4*s - g - 1. Suppose 16*c - 12*c + 24 = 0. Let z = s - c. Calculate b(z).
2
Let l(z) = z + 14. Let p be l(-13). Let m(w) be the first derivative of -p + w + 7/2*w**2. What is m(1)?
8
Let o(k) = -k**2 - 1. Let i(c) = -4*c**2 - c - 4. Let l(q) = -i(q) + 5*o(q). Let j(s) = s. Let y be j(-8). Let f = y - -6. Give l(f).
-7
Suppose 5*r - 1 = 6*r. Let g(w) = 7*w**3 - w**2 + w + 1. What is g(r)?
-8
Let o be (2/4)/(2/4). Let k(i) = 2*i**2 + 3*i + 2*i**2 + 3*i - 2*i**3 + o + i**3. Let n = -2 + 7. Give k(n).
6
Let x be (20/14)/(1/7). Let d be (x/5)/(6/15). Let i(z) = -z**3 + 4*z**2 + 8*z - 5. Give i(d).
10
Let n(x) be the second derivative of x**5/20 - 5*x**4/12 - x**3/6 + 3*x**2 + 2*x. Let k be ((-2)/(-2) - -4)/(-3 + 4). Calculate n(k).
1
Let l(i) = 2*i**3 + 3*i**2 + 4*i + 3. Suppose 5*f = 4*v - v + 2, 3*f - 3*v - 6 = 0. What is l(f)?
-9
Let g(w) be the second derivative of w**5/20 + w**4/12 - 2*w**2 - 6*w. Let m be g(0). Let q(t) = -t**3 - 3*t**2 + 4*t - 3. Calculate q(m).
-3
Let s(p) = -p**2 - 3*p - 4. Let n(w) = -w**2 + 4*w. Let i be n(3). Let h = i - 4. Let r be ((-1)/1)/h*-3. Determine s(r).
-4
Let i(x) be the first derivative of -x**2/2 - 7*x - 7. What is i(-6)?
-1
Let t(o) = -17*o + 1. Let d(s) = s. Let r(f) = 6*d(f) + t(f). Determine r(-1).
12
Suppose 3*h - 7*h - 11 = -3*p, -p + h = -3. Let o(v) = 5*v**2 - v + 1. What is o(p)?
5
Let a(d) = -6*d + 12. Let z(r) = 4*r - 8. Let q(p) = -5*a(p) - 7*z(p). What is q(4)?
4
Let l(s) = -2*s**2 + s + 1. Suppose y + y = 6. Let h be 1/((1 + -4)/(-15)). Let x = h - y. What is l(x)?
-5
Let p(v) = -7*v - 4*v + 3*v - 10. Let x(h) = 3*h + 3. Let g(w) = 2*p(w) + 7*x(w). Let u be -5 + 6 + -3 + 0. Give g(u).
-9
Suppose -19 = 3*z - 7*z - 3*j, 4*j = 3*z + 17. Let o = -2 - -2. Let k(y) = o*y**2 + 4*y**3 + 2*y + y**2 - 2*y**2 - 1. What is k(z)?
4
Let a(n) be the second derivative of -n**4/3 + n**3/6 - n**2/2 + 7*n. Determine a(1).
-4
Suppose -3 - 12 = -5*d + 5*g, g = 5*d - 15. Let f(u) = -3*u - u**2 + 2 + 2 + d + 0*u**2. Determine f(-5).
-3
Let t(p) = -4*p**3 - p**2 - p. Let g = 7 - 11. Let j = -5 - -8. Let d be (j/6)/(2/g). Calculate t(d).
4
Suppose 0*t + 4*t = z - 18, -3*z = -4*t - 22. Let q(m) = 1 + 2*m**2 + 2*m - 3*m - m**2. Calculate q(z).
3
Let o(c) = -c + 3. Let m be o(6). Let s(l) = l**3 + 5*l**2 + 3*l - 2. What is s(m)?
7
Let x(t) = 18 - 7 - 12 + 5*t. Give x(-1).
-6
Let q(x) be the first derivative of x**3/3 - 7*x**2/2 + 5*x - 1. Let o = -1 + 3. Suppose -4*y = 5*i - 2 - 6, -o*y - 6 = 0. Calculate q(i).
-7
Let y(b) = -b**2 - 7*b - 1. Let a(h) = -2*h - 19. Let w be a(-6). Give y(w).
-1
Let o = -18 + 13. Let q(j) = 4*j**3 + 6*j**2 + 7*j - 1. Let i(u) = 7*u**3 + 12*u**2 + 13*u - 3. Let l(d) = -3*i(d) + 5*q(d). Determine l(o).
-1
Let r = -3 + 3. Let v(y) be the second derivative of 3/2*y**2 - 1/6*y**3 + r + y. Determine v(-3).
6
Let y(p) = p**2 + 4*p + 6. Let l(r) = -4*r**2 - 15*r - 24. Let z(j) = 2*l(j) + 9*y(j). What is z(-4)?
-2
Suppose 3*t = -3*k + 6, -5*k - 7 = t - 25. Let p be ((-14)/(-4))/(t/(-4)). Suppose -3*m + 4 = p, 3*g = -3*m - 9. Let i(x) = x - 2. Calculate i(g).
-4
Let g(p) be the third derivative of 0*p**3 - 1/24*p**4 - 2*p**2 + 0*p - 1/240*p**6 + 0 - 1/60*p**5. Let h(o) be the second derivative of g(o). Give h(-2).
4
Let i(j) = j**2 + 2*j - 2. Let z = 21 - 24. Calculate i(z).
1
Let j be 1*((3 - 2) + 6). Let c = j + -12. Let q(z) = 2*z + 4. Calculate q(c).
-6
Let u(d) = 26 - 26 + 13*d**2 + d. Give u(-1).
12
Let x(t) = t**3 + 4*t**2 - 6*t - 6. Let s = 5 + -6. Let j be ((-1)/(-2))/(s/(-2)). Suppose 0 = -u - 6 + j. Give x(u).
-1
Suppose y - 6*y = -15. Suppose -y*a - 3*v = -v + 1, -18 = -a + 3*v. Let n(q) = q + 1. Calculate n(a).
4
Let s be (1/(-2))/((-7)/(-98)). Let g(v) = -v**2 - 6*v + 5. Determine g(s).
-2
Let w be 9 + 4/10*25/(-5). Let m(a) = -a**2 + 7*a - 1. Calculate m(w).
-1
Let c(v) be the first derivative of v**4/4 + 2*v**3 + v**2/2 + 3*v + 32. Calculate c(-6).
-3
Let g(z) be the first derivative of -5*z**4/4 + z**3 + 3*z**2/2 + 9*z - 3. Let x(q) = -9*q**3 + 6*q**2 + 6*q + 17. Let c(d) = 11*g(d) - 6*x(d). Determine c(-2).
-1
Suppose -3*l = -4*b - 6, 4*l - 6*b = -2*b + 8. Suppose -l*a = 3*a - 5. Let i(g) = g**3 - 1. Give i(a).
0
Let k(y) be the third derivative of 0*y + 1/3*y**3 + 0 + 4*y**2 + 1/12*y**4. Give k(2).
6
Let u be 0*2/4 + 2. Let d be -2 - u*12/(-3). Let a(q) = -1 - 3 + d + 3*q - 2*q. Calculate a(3).
5
Let i(w) = 3*w**2 - 4. Let j(n) = 2*n**2 + n - 3. Let m(s) = -3*i(s) + 4*j(s). What is m(5)?
-5
Let i be (6/7)/(1/14). Suppose 0 = -2*h - 4*k - 24, -h - i = k - 5. Let r(c) = -c**3 - 5 - c**2 - 2*c + 2 + 1. Give r(h).
6
Suppose 0 = -4*l - 8 + 24. Let c(j) = -2*j + 2. Calculate c(l).
-6
Let f be 4*2/((-8)/(-5)). Let t(n) = -n. Give t(f).
-5
Let w(k) be the third derivative of -k**7/840 - k**6/90 + k**5/60 + k**4/4 - 5*k**3/6 + k**2. Let i(g) be the first derivative of w(g). What is i(-4)?
-2
Let h(s) = 6*s**2 - 6*s + 12. Let o(r) = 5*r**2 - 5*r + 11. Let l(v) = -4*h(v) + 5*o(v). Give l(0).
7
Let i(t) = t**3 - t**2 + t + 5. Let u(d) = d**2. Let b be u(1). Let j be b - (-4)/4*-1. Determine i(j).
5
Let d(o) be the second derivative of o**3/6 + 5*o**2/2 + 4*o. What is d(-3)?
2
Let y(o) = o**2 - 6. Let n be y(0). Let h(m) = -4 + m**2 + 1 + 7*m**2 - 7*m**2 + 5*m. Give h(n).
3
Let m be 2